ed thousands digit of 1225541890?
5
What is the thousands digit of 15828969?
8
What is the hundreds digit of 56425994?
9
What is the ten thousands digit of 505115226?
1
What is the tens digit of 673874709?
0
What is the hundreds digit of 1961627816?
8
What is the hundreds digit of 657391618?
6
What is the millions digit of 210366678?
0
What is the hundred millions digit of 2011386305?
0
What is the millions digit of 425136567?
5
What is the units digit of 19398060?
0
What is the hundred millions digit of 1950770259?
9
What is the units digit of 1230795023?
3
What is the hundred thousands digit of 23256381?
2
What is the thousands digit of 181438439?
8
What is the millions digit of 151893966?
1
What is the units digit of 349245422?
2
What is the millions digit of 314680677?
4
What is the hundred thousands digit of 268053191?
0
What is the tens digit of 39929868?
6
What is the ten thousands digit of 15088558?
8
What is the ten millions digit of 1026720003?
2
What is the ten thousands digit of 4012902222?
0
What is the hundreds digit of 50041480?
4
What is the thousands digit of 9648387033?
7
What is the millions digit of 316718765?
6
What is the billions digit of 4229794148?
4
What is the hundreds digit of 9779363?
3
What is the hundred millions digit of 660839028?
6
What is the tens digit of 8161792?
9
What is the hundreds digit of 6696405281?
2
What is the hundred thousands digit of 52058027?
0
What is the ten millions digit of 68312423?
6
What is the ten thousands digit of 993803328?
0
What is the units digit of 3816251?
1
What is the ten millions digit of 578023181?
7
What is the tens digit of 351749314?
1
What is the ten millions digit of 4117016350?
1
What is the hundreds digit of 91433137?
1
What is the ten thousands digit of 345982163?
8
What is the ten thousands digit of 74766662?
6
What is the hundreds digit of 102173820?
8
What is the units digit of 481750354?
4
What is the units digit of 2305602?
2
What is the hundreds digit of 77145953?
9
What is the thousands digit of 88323712?
3
What is the thousands digit of 474440208?
0
What is the ten millions digit of 419958835?
1
What is the tens digit of 1361936160?
6
What is the ten millions digit of 1235639278?
3
What is the thousands digit of 886267620?
7
What is the millions digit of 499468100?
9
What is the millions digit of 36099449?
6
What is the ten millions digit of 16384992?
1
What is the units digit of 86816042?
2
What is the hundred thousands digit of 430767754?
7
What is the hundreds digit of 113086897?
8
What is the ten thousands digit of 635657759?
5
What is the ten millions digit of 50809580?
5
What is the millions digit of 432623190?
2
What is the units digit of 189338562?
2
What is the hundreds digit of 42090970?
9
What is the ten thousands digit of 30528478?
2
What is the hundreds digit of 8001640749?
7
What is the hundred thousands digit of 46880240?
8
What is the thousands digit of 78871479?
1
What is the units digit of 4735034?
4
What is the hundred thousands digit of 8308699?
3
What is the hundred thousands digit of 14843615?
8
What is the units digit of 162801329?
9
What is the hundred thousands digit of 1029512630?
5
What is the thousands digit of 567733131?
3
What is the ten thousands digit of 7102248264?
4
What is the hundreds digit of 65737955?
9
What is the ten thousands digit of 209167432?
6
What is the units digit of 381927344?
4
What is the units digit of 250861000?
0
What is the units digit of 2913582309?
9
What is the ten millions digit of 19943426?
1
What is the ten thousands digit of 50573492?
7
What is the billions digit of 1593841729?
1
What is the tens digit of 642554781?
8
What is the tens digit of 181946954?
5
What is the ten thousands digit of 59074238?
7
What is the hundred thousands digit of 1503385518?
3
What is the thousands digit of 31414189?
4
What is the ten thousands digit of 338336530?
3
What is the hundred thousands digit of 55271581?
2
What is the ten thousands digit of 29715570?
1
What is the hundreds digit of 61457398?
3
What is the ten thousands digit of 15578758?
7
What is the hundreds digit of 1182055878?
8
What is the millions digit of 54275950?
4
What is the hundreds digit of 413839748?
7
What is the tens digit of 30907509?
0
What is the hundred thousands digit of 1429105281?
1
What is the tens digit of 3195408524?
2
What is the hundred millions digit of 3555792816?
5
What is the billions digit of 2147468429?
2
What is the thousands digit of 79917825?
7
What is the hundred millions digit of 454004452?
4
What is the units digit of 186704451?
1
What is the hundred millions digit of 149409736?
1
What is the millions digit of 113078857?
3
What is the units digit of 45312697?
7
What is the hundred thousands digit of 71374412?
3
What is the ten thousands digit of 1102649618?
4
What is the hundred millions digit of 239300698?
2
What is the millions digit of 2171760?
2
What is the ten thousands digit of 32793036?
9
What is the ten millions digit of 37480158?
3
What is the ten millions digit of 1072228621?
7
What is the thousands digit of 106436279?
6
What is the ten thousands digit of 5367272980?
7
What is the hundred millions digit of 840928087?
8
What is the ten millions digit of 199930927?
9
What is the thousands digit of 36769918?
9
What is the millions digit of 30577091?
0
What is the hundred millions digit of 530325264?
5
What is the ten thousands digit of 640494746?
9
What is the hundreds digit of 57346513?
5
What is the units digit of 2147042890?
0
What is the ten millions digit of 12084016?
1
What is the hundred millions digit of 271869358?
2
What is the millions digit of 398732014?
8
What is the ten millions digit of 1811901094?
1
What is the tens digit of 65259266?
6
What is the units digit of 104685593?
3
What is the millions digit of 48809210?
8
What is the ten millions digit of 1482384716?
8
What is the thousands digit of 9139466?
9
What is the hundred millions digit of 289808142?
2
What is the ten millions digit of 2345600629?
4
What is the units digit of 168574061?
1
What is the tens digit of 248852329?
2
What is the units digit of 14294390?
0
What is the ten thousands digit of 762262428?
6
What is the tens digit of 5173725389?
8
What is the units digit of 18863685?
5
What is the ten millions digit of 86008964?
8
What is the ten millions digit of 725240705?
2
What is the hundred thousands digit of 776395511?
3
What is the ten thousands digit of 232711356?
1
What is the ten millions digit of 18529935?
1
What is the hundred millions digit of 1446272245?
4
What is the millions digit of 37403887?
7
What is the hundreds digit of 12801068?
0
What is the hundreds digit of 905658183?
1
What is the ten thousands digit of 29126930?
2
What is the ten thousands digit of 38267797?
6
What is the hundreds digit of 319165893?
8
What is the tens digit of 296130539?
3
What is the tens digit of 30520804?
0
What is the units digit of 390049152?
2
What is the ten millions digit of 167761774?
6
What is the hundreds digit of 328082982?
9
What is the billions digit of 3585471777?
3
What is the hundreds digit of 1490776260?
2
What is the hundred thousands digit of 4550686053?
6
What is the ten millions digit of 19629557?
1
What is the units digit of 104105909?
9
What is the thousands digit of 89649885?
9
What is the ten thousands digit of 548012203?
1
What is the hundreds digit of 699274466?
4
What is the ten thousands digit of 96967314?
6
What is the hundred millions digit of 175580339?
1
What is the ten thousands digit of 230248593?
4
What is the millions digit of 11506581?
1
What is the ten millions digit of 73682274?
7
What is the millions digit of 623476516?
3
What is the ten thousands digit of 129287467?
8
What is the tens digit of 1075267113?
1
What is the ten millions digit of 33535683?
3
What is the thousands digit of 1187790194?
0
What is the units digit of 899010141?
1
What is the units digit of 3310717251?
1
What is the ten thousands digit of 1689224?
8
What is the ten thousands digit of 37677817?
7
What is the units digit of 35977458?
8
What is the ten thousands digit of 91240650?
4
What is the thousands digit of 26360043?
0
What is the ten thousands digit of 112953581?
5
What is the hundred thousands digit of 176459877?
4
What is 